= -x, -2*x = -x - 3*z + 16. Calculate b(x).
3
Let x be (20/(-15))/((-2)/(-9)). Let y = x + 3. Let w(s) = -s**2 + s + 2. Determine w(y).
-10
Let u(r) = 7*r**2 - 12*r + 14. Let s(j) = 6*j**2 - 10*j + 15. Let f(i) = 6*s(i) - 5*u(i). Calculate f(0).
20
Let b(s) be the second derivative of -s**5/20 - s**4/2 - s**3/6 - 2*s**2 + 38*s. Calculate b(-6).
2
Let q = 1 - -1. Let o(c) be the second derivative of 0 - 5*c + c**2 + 1/20*c**5 - 1/12*c**4 + 0*c**3. What is o(q)?
6
Let t be (3 - 2)*40/10. Let q(m) = -2*m + 5. What is q(t)?
-3
Let c = 5 - 8. Let q(o) = 6*o**2 + 11*o + 8. Let w(v) = 2*v**2 + 4*v + 3. Let l(x) = c*q(x) + 8*w(x). Give l(-1).
-1
Let d(u) = -u**2 - u. Suppose j = -2*j. Let c be j*(-3)/(-12)*2. Calculate d(c).
0
Let v(n) = -15*n**3 - 8*n**2 - n + 12. Let d(j) = 7*j**3 + 4*j**2 - 6. Let i(c) = 13*d(c) + 6*v(c). What is i(-5)?
-1
Let f(o) = -o**3 - 13*o**2 - 12*o - 1. Let l be f(-12). Let j(w) = 4*w + 3*w - 3*w. What is j(l)?
-4
Let i(n) be the second derivative of -1/2*n**2 + 1/20*n**5 + 0 - 2*n + 1/8*n**4 + 0*n**3. Let c(j) be the first derivative of i(j). Give c(-2).
6
Let r(f) = f**2 - 3*f - 2. Let k(q) = q + 1. Let m(i) = -2*k(i) + r(i). Let v = -3 + 8. Determine m(v).
-4
Let v(k) = 3*k + 6. Let d be (-4)/8 + 5/2. Let g be (2 + (-2 - 2))*-1. Suppose 2*c + g*i + 2 = 0, 2*i = 4*c - d*i + 36. What is v(c)?
-9
Let c(j) = 0*j**3 + 0*j**3 - 2*j + j**3. Let r be 3/4 + 1*30/24. Determine c(r).
4
Let n(r) = -r + 5. Let x(m) = -m + 6. Let c(s) = 6*n(s) - 5*x(s). Let f = 16 - 11. Let o(t) = 2*t - 7. Let l be o(f). Give c(l).
-3
Let j(z) = z**2 + 8*z + 8. Let q(d) = 4*d - 35. Let f be q(7). What is j(f)?
1
Suppose 0 + 2 = t. Let r(v) = 2*v**3 - 3*v**3 - 8*v**3 - 2*v**t + 3*v**3 + v. Determine r(1).
-7
Suppose -10*d + 14*d - 20 = 0. Let k(p) = 5*p**3 - d*p - 6*p**2 - 2*p**3 - 4*p**3 - 1. Calculate k(-5).
-1
Let d be (-6)/(-4) + 4*2/(-8). Let k(x) be the second derivative of -2*x + 1/3*x**3 + 0 - 7/12*x**4 - d*x**2. What is k(1)?
-6
Let o(x) be the second derivative of -x**3/3 - 3*x**2/2 + x. Suppose 0 = 3*h + 2*h - 60. Suppose -5*r = h + 3. Calculate o(r).
3
Suppose 5*c - x - 17 = -0*x, c + 5*x + 7 = 0. Let m(s) = s. Determine m(c).
3
Suppose 5*x = -2*z + 23 + 8, z = 3. Let u be 1 + (-3 - 0) + x. Let m(g) = 4*g. Let r(v) = 5*v. Let b(i) = 4*m(i) - 3*r(i). What is b(u)?
3
Let j(i) be the second derivative of 0 - 2*i + 5/6*i**3 - 1/2*i**2 + 1/12*i**4. Calculate j(-5).
-1
Suppose 4*u - 4 = -8. Let c be u/5 - 55/(-25). Let j(h) = -6*h. Determine j(c).
-12
Let n(u) be the second derivative of -u**4/12 + 5*u**3/6 + u**2/2 + 2*u. What is n(5)?
1
Let g(v) be the second derivative of -v**6/360 - v**5/30 - v**4/6 + v. Let f(l) be the third derivative of g(l). Suppose -4*j + 3*j = 3. Give f(j).
2
Let o(l) = 6*l + 5. Let z(n) = -5*n - 4. Let r(m) = 4*o(m) + 5*z(m). Suppose 3*c - 8 = c. Suppose -c*q - 9 = 11. Give r(q).
5
Suppose o - 4*l + 4 = -o, -2*l = 3*o - 2. Let z(w) = -w**2 - w. Let y(t) = 7*t**2 + 5*t + 1. Let i(s) = -y(s) - 6*z(s). Give i(o).
-1
Suppose 3*v = 6*v - 15. Let f(a) = -2*a + 0 + a + v. Let b be f(7). Let m(h) = h**2 + h + 2. Give m(b).
4
Let k(p) = -p + 1 + 2*p**2 - 4*p**2 - 8*p**3 + 9*p**3 - 4*p. Calculate k(4).
13
Let w be (-32)/12 + 8/(-6). Let b(i) = i**2 + 3*i - 4. What is b(w)?
0
Let d(s) be the third derivative of -s**4/8 - 3*s**3/2 + 7*s**2. Suppose 0*h = -3*m - 2*h - 24, -3*h - 3 = -m. Calculate d(m).
9
Let p(g) = g**3 + 6*g**2 + 6. Let z be p(-6). Let i(r) = -8*r + 130 + r**2 - 256 + 123. Calculate i(z).
-15
Let m(y) be the third derivative of -y**6/120 - 2*y**5/15 - 7*y**4/24 - 5*y**3/6 - 52*y**2. Let j(n) = n**2 - 5*n - 3. Let i be j(4). Determine m(i).
-5
Let m(f) = -2 - 2*f**2 - 2*f - 1 + 3*f**2. Let r be m(-2). Let q(w) be the second derivative of -w**5/20 + w**4/3 + 4*w**3/3 - 7*w**2/2 + w. Determine q(r).
8
Suppose 0 = 6*q - 3*q + 9. Let j be 1*(q + 2) - 1. Let m(o) = 3*o**2 + 2*o - 1. What is m(j)?
7
Suppose -6*c = -c - 5. Suppose 3*x - c - 5 = 0, -3 = -t - 4*x. Let u(i) be the third derivative of -i**4/24 - i**3 + 2*i**2. Determine u(t).
-1
Let r = 19 - 18. Let w(k) = -3 + 4 - r - 5 - 3*k. Suppose -2*h + 1 = 9. What is w(h)?
7
Let p = -2 - -5. Suppose -p*n - 2*n = 25. Let q(h) = h**3 + 5*h**2 + 2*h + 7. What is q(n)?
-3
Let u(k) be the third derivative of -k**4/12 + k**3/3 + 2*k**2. Give u(-2).
6
Suppose h = -3*d + 8, 4*d = h + d + 4. Let p(s) = 3 - s + 2*s - h. Let k(q) = -6*q + 34. Let m be k(6). What is p(m)?
-1
Let n(g) be the second derivative of g**3/6 - g**2/2 - 15*g. Give n(2).
1
Let b(v) = v**2 - 7*v - 12. Let y be b(9). Let h(i) = -y*i + 5*i - i. Calculate h(3).
-6
Let v(x) = 5*x + 11. Let w(z) = -11*z - 22. Let h(p) = 13*v(p) + 6*w(p). Give h(0).
11
Let x(s) = -4*s**2 - 1. Let z(a) = 8*a**2 + 2. Let h(n) = 5*x(n) + 2*z(n). Let l(c) be the first derivative of h(c). Calculate l(-1).
8
Let q(y) = y**2 - y - 6. Suppose 4*s + i - 3*i = -54, -2*s = i + 17. Let j = s - -11. Calculate q(j).
-6
Let q(j) = 6*j - 8. Let g(i) = i - 1. Let a(w) = -14*g(w) + 2*q(w). Suppose -2 = -3*l + 13, 2*r - 17 = -5*l. What is a(r)?
6
Let v(f) = -f**3 - 7*f**2 - 6*f - 2. Let k = -19 + 31. Let y = 6 - k. What is v(y)?
-2
Let v be (4/6)/(1/3). Let s be (-2)/6*(1 + v). Let z(q) = 4 - 5*q - 3 + q - 4*q. What is z(s)?
9
Let m(g) be the second derivative of g**4/12 + g**3/6 - 3*g**2/2 - 3*g. Let u(l) be the first derivative of m(l). Determine u(-2).
-3
Let m(t) be the third derivative of 0 + 0*t + 3*t**2 + 5/6*t**3 - 1/24*t**4. What is m(-5)?
10
Let z(f) be the first derivative of f**2/2 - 3*f + 3. Let h(i) = i - 4. Let b(g) = 4*h(g) - 6*z(g). Give b(3).
-4
Let g(c) = 0*c**2 + c**3 - 2*c + 2*c**2 + c - 1 - c. Calculate g(-3).
-4
Suppose 5*i - 12 - 8 = 0. Let k(u) = -u**3 + 4*u**2 + 2*u + 2. Determine k(i).
10
Let s(a) = -a**2 - a. Let j(x) = 4*x**2 + 4*x + 4. Let b(t) = -j(t) - 3*s(t). Let v = 1 - 1. Determine b(v).
-4
Let t(k) = k - 8. Suppose -4*u + 4 = 0, -u - 24 = -5*c + 5. What is t(c)?
-2
Let a(z) = -4*z**3 - 5*z**2 + 4*z + 4. Let k(f) = 3*f**3 + 4*f**2 - 3*f - 4. Let r(w) = 4*a(w) + 5*k(w). Determine r(0).
-4
Let b(j) be the first derivative of -j**3 + 1 - 1/2*j**2 + 0*j. What is b(-1)?
-2
Let h be (99/12)/(-11) + (-21)/4. Let r(v) = v**3 + 5*v**2 - 3*v - 2. Calculate r(h).
-20
Let p(r) = -r - 1. Suppose j - 5*z + 0*z = -18, -2*j + 3 = 3*z. Let m be p(j). Let s(u) = 2*u + u**m - 4*u + 0*u**2 - 3. Calculate s(3).
0
Suppose -3*q + 4 = q. Let z = -1 + 6. Let s(c) = z*c - 3*c + 2*c. What is s(q)?
4
Let t(g) be the third derivative of -g**6/120 + g**5/20 + g**4/4 - g**3/2 + 2*g**2. Let w = -68 + 72. Give t(w).
5
Suppose 4*b - 1 = 4*h + 3, -2*h = -5*b - 1. Let o(y) = 0 - 8*y**2 + y**2 + 1. What is o(b)?
-6
Let s(j) = j**3 + j**2 - 5*j - 3. Let k(m) = m**2 + 7*m - 7. Let g be k(-8). Let z be g*(-12)/(-3)*-1. Let u be ((-6)/(-4))/(2/z). Give s(u).
-6
Let s be (-52)/(-14) + 4/14. Suppose -i - s*m + m = -18, 13 = -4*i + 5*m. Let y(n) = 2*n**2 + 3*n - 6*n - n + 1. Give y(i).
7
Let z(w) = 4*w**2 + 39 - w + 37 - 78. Calculate z(2).
12
Let w(v) = -5*v**2 + 4*v + 1. Let b(k) = k**2 - k - 1. Let i(n) = -4*b(n) - w(n). Calculate i(0).
3
Let w(i) = 13*i + 11. Let v(d) = 7*d + 6. Let f(b) = -11*v(b) + 6*w(b). What is f(0)?
0
Suppose 2*o + 6 = t - 0, 4*t + 5*o = -2. Let b(g) = 5*g + 3*g**t - 7 - 2*g**2 + 3. Let s be 5*-1*3/3. Give b(s).
-4
Let c be 3 + 4/(4/3). Let f(q) = 4*q + q - c*q - 11. What is f(-5)?
-6
Let a(x) be the second derivative of x**3/6 + 2*x**2 - 22*x. Determine a(-4).
0
Let c(q) be the first derivative of q**3/3 - 5*q**2/2 - q - 4. Let t be -8*(-2 + 6/4). Determine c(t).
-5
Let a be 2/4 - (-35)/(-10). Let k(c) = -3*c - 8. Let i(y) = -y - 3. Let h(t) = a*k(t) + 8*i(t). Calculate h(2).
2
Let t = 5 - 5. Let g be ((-1)/(-2) + 0)*t. Let r(f) = g*f - 2*f - 1 - f. Give r(1).
-4
Let d(u) be the third derivative of -u**5/60 + u**4/8 - u**3/6 - u**2 + 5. Let s be 10/(-8)*(-4)/1. What is d(s)?
-11
Suppose 0 = -4*q + 5*q - 1. Let f be (q/(-3))/((-1)/(-9)). Let h(i) = 1 - i**2 + 2*i**2 - 4*i**2 - i**3. What is h(f)?
1
Let h(j) = 2*j - 2. Let o be ((-2)/(-4) + -2)/(21/(-56)). Give h(o).
6
Suppose -f - 5 = 4*f. Let x be (16/(-20))/((-1)/5). Let z(w) = 3*w - x + 5 + 3*w. Calculate z(f).
-5
Suppose -5*x - q = -17, -4*x - 4*q = -18 - 2. Let d(o) = 5 